 r = s + 135. Is r a multiple of 12?
False
Let t(d) = d**2 + 8*d. Let x be t(-8). Let c be (-36)/(-16) - x - (-3)/4. Let b(w) = 9*w**3 - 3*w**2 - 2*w + 1. Is 13 a factor of b(c)?
False
Let r(j) be the first derivative of -23*j**2/2 + 3*j + 25. Let w be r(-3). Is 7 a factor of w/45*(-40)/(-1) - 1?
True
Suppose -t - 302 + 3023 = -5*y, -4*y - 10804 = -4*t. Is t a multiple of 7?
False
Suppose 3535 = h + 4*t, 0 = 5*h + 3*t - t - 17693. Does 18 divide h?
False
Let l(t) be the third derivative of -t**6/60 - t**5/60 - 5*t**4/24 + 8*t**3/3 - 103*t**2. Is 26 a factor of l(-6)?
True
Let m be 1*(17/(-2) - 3/6). Does 50 divide (-3)/9 + (-3675)/m?
False
Let b be (436/(-3))/((40/(-15))/4). Suppose 11*v + 89 = 12*v + 5*p, v = 5*p + 139. Let g = b - v. Is 9 a factor of g?
False
Let b(v) be the second derivative of -5*v**3/6 - 70*v**2 - 173*v. Is 30 a factor of b(-46)?
True
Let p be 4 - (-2585)/25 - (-4)/(-10). Let o = p - -9. Is 25 a factor of o?
False
Let b(n) = -n**3 - 18*n**2 + 20*n + 21. Let g be b(-19). Suppose -2*x + 5*a - 165 = 0, 5*a + 90 = x - g*x. Let f = x + 278. Does 18 divide f?
False
Suppose -30*v + 135008 + 167118 = v. Does 77 divide v?
False
Let y(n) = 17*n + 255. Let m be y(-11). Suppose m*l = 25*l + 1720. Is 2 a factor of l?
True
Suppose 3*x + 530 = 4*u, -4*x + u - 700 = -u. Let l = 421 + x. Is 16 a factor of l?
False
Suppose -30 = -4*z - v, 0 = 5*z + 5*v - 30. Suppose 17 - z = 3*p. Suppose 0 = p*y - 173 - 337. Is y a multiple of 17?
True
Let d = -1368 - -4881. Is 57 a factor of d?
False
Let t be 1/3 + 40/15. Let n(w) = -19*w + 33. Let m be n(-4). Suppose 5*x + u = 490 - m, t*u = 3*x - 225. Is 15 a factor of x?
False
Let w be (-2 - 4)/(-1 + -1). Suppose 5*f - 165 = -g, w*g - 4*g - 2*f = -156. Is 30 a factor of g?
True
Let h(x) = x**2 - x - 100. Let i be h(0). Suppose 0 = -5*d + 2*g - 104 - 75, d + 34 = g. Let l = d - i. Is l a multiple of 7?
True
Let j = 73 + -49. Suppose 0 = j*u - 26*u + 2. Does 25 divide u*217 + 21/(-7) + 0?
False
Let q(c) = 4*c**2 + 53*c - 34. Is q(-22) a multiple of 8?
True
Let k(p) = -2*p**3 + 34*p**2 + 2*p - 32. Let h be k(15). Suppose -2*x + 9*v - 6*v = -1795, 0 = -x + 2*v + h. Is 64 a factor of x?
True
Let t(v) = v + 1. Let q(n) = 382*n**2 - 4*n + 11. Let u(d) = q(d) - 4*t(d). Let b be u(2). Suppose 2*o - b = -5*o. Is 31 a factor of o?
True
Let o(g) = 139*g**3 + g**2 + 4*g + 6. Let t be o(-2). Let d = t - -1878. Is d a multiple of 24?
True
Let u = -3 + 73. Suppose y - 6*y + u = 0. Does 14 divide y?
True
Let p(z) = 3*z**3 - 3*z**2 + 6*z + 18. Suppose -5*q - 3*a - 11 = -52, 4*q - 2*a - 24 = 0. Let f be p(q). Let d = -667 + f. Is d a multiple of 55?
True
Suppose 5*x = 20, 1043 = 2*f + 3*x - 3513. Does 13 divide f?
False
Let i = 12816 - 5549. Is 99 a factor of i?
False
Let t(y) = 1 - 3*y + y**2 - 6*y + 7 + 6. Let g(s) = 3*s**2 - 5*s + 2. Let v be g(3). Is 42 a factor of t(v)?
True
Let h = -4003 - -10537. Is 18 a factor of h?
True
Let o be (-3520)/12*(-18)/(-12). Let z = 649 + o. Does 11 divide z?
True
Let f = 264 + -255. Suppose -7*c - f*c = -1376. Is 12 a factor of c?
False
Suppose -3*m = 5*j - 40715, -199*m = -5*j - 197*m + 40690. Does 37 divide j?
True
Suppose -43634 = 25*x - 226334. Is 63 a factor of x?
True
Suppose -2*w - 2*n + 516 = -328, -5*w = -3*n - 2134. Let v = w - 407. Is v a multiple of 4?
False
Let v(u) be the first derivative of -17*u**2/2 - 150*u - 15. Does 25 divide v(-25)?
True
Is 4 - (22 + -1776 - -7) even?
False
Let i be (-26)/3*((-2 - 0) + 17). Let p = 105 - -74. Let w = p + i. Does 13 divide w?
False
Let m(y) = 6*y + 4. Let d be m(2). Suppose d = -12*j + 11*j. Is (24/j)/((-2)/8) a multiple of 4?
False
Let o = -1144 + 608. Let s = 561 + o. Is s a multiple of 13?
False
Let s = 1947 - 536. Is 17 a factor of s?
True
Let b be ((-3)/9)/(2 - 68/36). Let h(c) = -15*c + 42. Is h(b) a multiple of 29?
True
Is -12*(-4 - (-1464)/(-18))/2 a multiple of 5?
False
Does 4 divide (1/2)/((-71)/(-181618))?
False
Let z(n) = 13*n + 12. Let h be z(-7). Let d = h + 1614. Suppose 0 = 3*y - 3, -8*b + d = -3*b - 5*y. Is 22 a factor of b?
True
Suppose -376*g + 14952 = -372*g. Let b = g + -2027. Is b a multiple of 23?
False
Let k(g) = 2 - 3*g + 11*g**3 - 3 - 54*g**3 - 3*g**2. Let c(t) = t + 10. Let f be c(-11). Is 7 a factor of k(f)?
True
Does 62 divide 2482 + (9 - 2) + -9?
True
Let c be -4*3*4/8*-3. Let o = c - 26. Let t(v) = -17*v + 8. Is 24 a factor of t(o)?
True
Let n = -11871 - -26760. Is 21 a factor of n?
True
Suppose 3*t = 5*t - 26. Suppose 6*x - 5*x - 4*g = 0, 0 = x - 2*g. Suppose x = -d + t - 2. Does 2 divide d?
False
Let c be 6/(-27) - 38/(-9). Suppose 5*x - 5*l = 60, 6*x - x - 44 = l. Suppose y - c = x. Is y a multiple of 5?
False
Let i be (2/2)/((-5)/(-25)). Let p(k) = k**3 - 9*k**2 - 4*k - 57. Let m be p(10). Suppose -i*j = b - 235, -b - m*b = 20. Is 8 a factor of j?
True
Let d be 1338/18 - -7 - (-2)/3. Suppose 0 = 5*j - 4*t - 194 - d, 0 = -2*j - 5*t + 117. Does 28 divide j?
True
Let g = -35 + 40. Suppose -u = g*u. Suppose u = p - 14*p + 1586. Is 16 a factor of p?
False
Suppose -68 = -15*y + 11*y. Suppose -17*z + 16*z = y. Is 43 a factor of 2/z + 8778/51?
True
Let x(t) = t**3 - 10*t**2 - 13*t - 1. Let d(s) = s + 2. Let h be d(-1). Let k(r) = -r + 1. Let q(n) = h*x(n) + 3*k(n). Is q(12) a multiple of 14?
True
Let q(c) = 2. Let f(y) = 310*y + 327. Let g(n) = -f(n) - 5*q(n). Is 49 a factor of g(-5)?
False
Let q(y) = -3*y + 585. Let r be q(0). Suppose -981 = -3*t + r. Suppose -4*j + t = 3*w + 38, 0 = -5*w + 5*j + 865. Does 12 divide w?
True
Suppose -2267 + 24159 = 2*c - 4*n, -3*n = 5*c - 54717. Does 64 divide c?
True
Let i = 307 + 8820. Is i a multiple of 12?
False
Let g be ((-50)/(-8))/5*(-500)/5. Let h = 128 - g. Does 54 divide h?
False
Let n(q) = 9*q - 4. Let f = -6 + 8. Suppose -3*i = f*i - 15. Is n(i) a multiple of 23?
True
Let i(m) = m**3 - 3. Let y be i(2). Suppose 4*q + 4*g = 32, 0*q + y*q + g = 36. Suppose q*z = 5*z + 58. Is 13 a factor of z?
False
Let a(d) = 4*d**2 - 34*d + 134. Let y(s) = -s - 11. Let c be y(-15). Does 11 divide a(c)?
False
Let r = -13 + 10. Is 25 a factor of r/2 + (-645)/(-6) + -6?
True
Let l(k) = -k**2 + 24*k + 1066. Is 13 a factor of l(39)?
True
Let j(m) be the second derivative of -m**5/60 + 3*m**4/8 + 15*m**2/2 - 27*m. Let v(g) be the first derivative of j(g). Is 7 a factor of v(7)?
True
Let v = 2549 - 1279. Let k = 2464 - v. Is k a multiple of 21?
False
Suppose -q - 16 = 3*k, -2*q + 5*q + 4*k = -28. Is (15/q)/(11627/1456 - 8) a multiple of 26?
True
Let y be (-100)/(-225) + 46/18. Suppose 0 = -3*z - 2*p + 592, 0 = -y*z - 2*p - p + 588. Does 20 divide z?
True
Suppose 7011 - 25317 = -6*i. Is i a multiple of 8?
False
Let f(z) = 14 - 13*z - 3 + 5 - 2. Does 13 divide f(-8)?
False
Let o(b) = 14 - 3*b + 5*b + 5*b**2 + 5*b**3 - 12*b - 4*b - 5*b. Is 15 a factor of o(4)?
False
Let f = 38 - 62. Let v be 12*(-3)/(f/28). Suppose 0 = 3*n - 15 - v. Is n a multiple of 4?
False
Suppose 2*i - i - 1041 = -5*d, i = -4*d + 833. Let o(y) = 18*y**2 + 9*y + 19. Let p be o(-5). Let c = p - d. Is c a multiple of 57?
False
Let v(i) = -i**3 + 18*i**2 - 7*i + 13. Let z be v(17). Suppose -88 = -s + z. Suppose 3*a - 4*m = 386, -3*a + 2*m + s = -111. Is a a multiple of 14?
True
Let k be 2 + 2 + 0 + 4 + 0. Suppose 25 = -11*u - k. Is (-401)/u - 5/(-15) a multiple of 15?
False
Let a be (-40)/5*(-3 - -2). Suppose -24*n = -26*n + a, 0 = -5*q - 4*n + 36. Is q a multiple of 2?
True
Is 11 a factor of 2/43 + ((-28531308)/(-1118) - -17)?
False
Suppose 4*o = b + 5*o - 22, 5*b - 5*o - 70 = 0. Is (b/(-3) - -13) + 3 a multiple of 5?
True
Let j = 164 - -37. Let m be -2*j/(-15)*5. Suppose -5*p = 3*k - 0*k - 388, 4*p = -k + m. Is 14 a factor of k?
True
Suppose -2*p - 7 = 3, -2*s = 4*p - 15560. Is 95 a factor of s?
True
Let g be (4 - 1/1)*7552/96. Is 28 a factor of (-3)/((-9)/g)*45/30?
False
Suppose -5*q + 206 = j, 2*j = q - 2*j - 37. Suppose 2775 + 9771 = q*p. Is p a multiple of 18?
True
Suppose 0 = -5*a + 33 + 432. Let f = a - 91. Suppose 4*z = -0*z - 5*v + 444, 0 = -5*z - f*v + 555. Is 28 a factor of z?
False
Let a(i) = 34*i**2 + 137*i + 695. Is 5 a factor of a(-5)?
True
Let g be 8*2/4 + -2. Suppose 403 = g*j - 221. Does 26 divide j?
True
Let q be -4*18/12 - -190. Suppose -21*x - q + 1591 = 0. Is x a multiple of 21?
False
Suppose